{"id":122,"date":"2017-11-13T09:49:12","date_gmt":"2017-11-13T09:49:12","guid":{"rendered":"https:\/\/norskebrukskunstnere.no\/?page_id=122"},"modified":"2020-10-09T16:32:00","modified_gmt":"2020-10-09T16:32:00","slug":"medlemmer","status":"publish","type":"page","link":"https:\/\/norskebrukskunstnere.no\/?page_id=122","title":{"rendered":"Medlemmer"},"content":{"rendered":"<div id='av_section_1'  class='avia-section av-11uzzu-3b36b57bafc288a9307b4b2f14fb5178 main_color avia-section-default avia-no-shadow  avia-builder-el-0  avia-builder-el-no-sibling  avia-bg-style-scroll container_wrap fullsize'  ><div class='container av-section-cont-open' ><main  role=\"main\" itemprop=\"mainContentOfPage\"  class='template-page content  av-content-full alpha units'><div class='post-entry post-entry-type-page post-entry-122'><div class='entry-content-wrapper clearfix'>\n\n<style type=\"text\/css\" data-created_by=\"avia_inline_auto\" id=\"style-css-av-av_heading-ba31e3b67131443ddc310aaa706184a8\">\n#top .av-special-heading.av-av_heading-ba31e3b67131443ddc310aaa706184a8{\npadding-bottom:10px;\n}\nbody .av-special-heading.av-av_heading-ba31e3b67131443ddc310aaa706184a8 .av-special-heading-tag .heading-char{\nfont-size:25px;\n}\n.av-special-heading.av-av_heading-ba31e3b67131443ddc310aaa706184a8 .av-subheading{\nfont-size:15px;\n}\n<\/style>\n<div  class='av-special-heading av-av_heading-ba31e3b67131443ddc310aaa706184a8 av-special-heading-h1 blockquote modern-quote  avia-builder-el-1  el_before_av_hr  avia-builder-el-first '><h1 class='av-special-heading-tag '  itemprop=\"headline\"  >V\u00e5re medlemmer<\/h1><div class=\"special-heading-border\"><div class=\"special-heading-inner-border\"><\/div><\/div><\/div>\n<div  class='hr av-2i35e-6f1183092e773adb1a6e883aece64411 hr-default  avia-builder-el-2  el_after_av_heading  el_before_av_textblock '><span class='hr-inner '><span class=\"hr-inner-style\"><\/span><\/span><\/div>\n<section  class='av_textblock_section av-l3znu-f371efe365d1593e1498d72ae572b114 '   itemscope=\"itemscope\" itemtype=\"https:\/\/schema.org\/CreativeWork\" ><div class='avia_textblock'  itemprop=\"text\" ><p>Som brukskunstnere er det v\u00e5rt ideal \u00e5 skape bruksgjenstander som b\u00e5de er funksjonelle og vakre.<\/p>\n<p>V\u00e5rt form\u00e5l er \u00e5 h\u00f8yne og spre kunnskap om den bruksmessige og estetiske kvalitet av norske h\u00e5ndverks- og industriprodukter og h\u00f8yne brukskunstyrkets faglige standard og anseelse.<\/p>\n<p>Organisasjonen er landsomfattende og politisk n\u00f8ytral.<\/p>\n<p>Organisasjonen ledes av et styre p\u00e5 5 medlemmer.<\/p>\n<\/div><\/section>\n\n<style type=\"text\/css\" data-created_by=\"avia_inline_auto\" id=\"style-css-av-dyw9e-4cbe278a3149179a0ba1885084554b63\">\n#top .hr.hr-invisible.av-dyw9e-4cbe278a3149179a0ba1885084554b63{\nheight:25px;\n}\n<\/style>\n<div  class='hr av-dyw9e-4cbe278a3149179a0ba1885084554b63 hr-invisible  avia-builder-el-4  el_after_av_textblock  el_before_av_button '><span class='hr-inner '><span class=\"hr-inner-style\"><\/span><\/span><\/div>\n<div  class='avia-button-wrap av-be4r6-46e1934e76c471bf01459b7ccdec3556-wrap avia-button-left  avia-builder-el-5  el_after_av_hr  avia-builder-el-last '><a href='https:\/\/norskebrukskunstnere.no\/?page_id=125'  class='avia-button av-be4r6-46e1934e76c471bf01459b7ccdec3556 av-link-btn avia-icon_select-yes-left-icon avia-size-x-large avia-position-left avia-color-theme-color'   aria-label=\"Les mer om medlemsskap\"><span class='avia_button_icon avia_button_icon_left avia-iconfont avia-font-entypo-fontello' data-av_icon='\ue81e' data-av_iconfont='entypo-fontello' ><\/span><span class='avia_iconbox_title' >Les mer om medlemsskap<\/span><\/a><\/div>\n\n","protected":false},"excerpt":{"rendered":"","protected":false},"author":6,"featured_media":0,"parent":0,"menu_order":0,"comment_status":"closed","ping_status":"closed","template":"","meta":{"footnotes":""},"class_list":["post-122","page","type-page","status-publish","hentry"],"_links":{"self":[{"href":"https:\/\/norskebrukskunstnere.no\/index.php?rest_route=\/wp\/v2\/pages\/122","targetHints":{"allow":["GET"]}}],"collection":[{"href":"https:\/\/norskebrukskunstnere.no\/index.php?rest_route=\/wp\/v2\/pages"}],"about":[{"href":"https:\/\/norskebrukskunstnere.no\/index.php?rest_route=\/wp\/v2\/types\/page"}],"author":[{"embeddable":true,"href":"https:\/\/norskebrukskunstnere.no\/index.php?rest_route=\/wp\/v2\/users\/6"}],"replies":[{"embeddable":true,"href":"https:\/\/norskebrukskunstnere.no\/index.php?rest_route=%2Fwp%2Fv2%2Fcomments&post=122"}],"version-history":[{"count":0,"href":"https:\/\/norskebrukskunstnere.no\/index.php?rest_route=\/wp\/v2\/pages\/122\/revisions"}],"wp:attachment":[{"href":"https:\/\/norskebrukskunstnere.no\/index.php?rest_route=%2Fwp%2Fv2%2Fmedia&parent=122"}],"curies":[{"name":"wp","href":"https:\/\/api.w.org\/{rel}","templated":true}]}}